11139?
3
Calculate the greatest common factor of 45583 and 170792.
577
Calculate the highest common factor of 790830378 and 17.
17
Calculate the highest common divisor of 35028061 and 12.
1
Calculate the highest common divisor of 7590730 and 350.
70
What is the highest common divisor of 354 and 503049930?
354
What is the highest common factor of 4945156 and 33156?
1228
Calculate the highest common divisor of 3499800 and 2736.
456
What is the greatest common divisor of 60020622 and 54?
54
What is the greatest common divisor of 925059 and 463062?
213
Calculate the greatest common factor of 6244 and 38333923.
223
Calculate the greatest common factor of 56 and 12518032.
8
Calculate the greatest common divisor of 145336 and 46154.
982
Calculate the highest common divisor of 154105623 and 406.
203
What is the highest common divisor of 41813124 and 54?
6
Calculate the highest common factor of 3035010 and 90882.
1122
Calculate the greatest common factor of 15736878 and 72.
18
Calculate the greatest common divisor of 548803461 and 5997.
5997
Calculate the greatest common factor of 383965 and 3649.
41
Calculate the highest common factor of 12195585 and 225.
45
Calculate the greatest common divisor of 12190 and 7043750.
230
What is the greatest common divisor of 3109602 and 21606?
1662
Calculate the greatest common factor of 19394867 and 73761.
1069
Calculate the greatest common factor of 36609524 and 56.
28
Calculate the highest common divisor of 372 and 2965188.
12
Calculate the greatest common factor of 79704 and 4251528.
1944
Calculate the highest common factor of 6375076 and 2276.
2276
What is the greatest common factor of 242394 and 132628?
142
What is the greatest common divisor of 2440 and 7110770?
610
Calculate the highest common divisor of 7 and 44780162.
7
Calculate the greatest common divisor of 34918 and 143622.
158
Calculate the greatest common divisor of 2980 and 8963440.
20
Calculate the highest common divisor of 12892 and 1503793786.
6446
What is the greatest common factor of 683 and 1877046554?
683
Calculate the highest common factor of 145 and 51496750.
145
What is the greatest common factor of 19701531 and 618?
309
What is the greatest common factor of 92 and 2829240718?
46
What is the greatest common divisor of 19554066 and 1407?
21
What is the highest common divisor of 93492792 and 19872?
4968
What is the greatest common divisor of 572220 and 42570?
990
What is the greatest common divisor of 336 and 265964640?
48
Calculate the highest common factor of 4016 and 99256946.
502
Calculate the highest common divisor of 675762760 and 4574.
4574
Calculate the greatest common factor of 32 and 59282200.
8
What is the highest common factor of 36 and 69376761?
9
What is the greatest common divisor of 10196531 and 54932?
443
What is the highest common factor of 10928243 and 10327?
23
What is the greatest common divisor of 11602707 and 318?
159
What is the greatest common divisor of 29893 and 170173?
167
What is the highest common divisor of 1489486 and 438254?
722
What is the greatest common factor of 9048 and 4030728?
312
Calculate the highest common factor of 7 and 19969782.
7
Calculate the greatest common factor of 7401488 and 338599.
4769
What is the highest common factor of 85063 and 266437?
703
What is the highest common factor of 565009 and 994881?
401
Calculate the greatest common factor of 298 and 40532.
2
Calculate the highest common factor of 13404348 and 76.
76
What is the greatest common factor of 18369168 and 4884?
444
What is the greatest common divisor of 515024 and 3456?
16
What is the highest common divisor of 270624 and 28104?
24
Calculate the highest common factor of 8764 and 34427183.
2191
Calculate the greatest common factor of 5721 and 272094574.
1907
What is the highest common factor of 655986 and 1182?
6
Calculate the greatest common factor of 527220 and 561560.
2020
What is the greatest common factor of 2762224 and 192?
16
Calculate the highest common divisor of 60 and 10825305.
15
What is the highest common factor of 803104 and 4?
4
Calculate the highest common divisor of 818721 and 1431.
27
What is the greatest common divisor of 953954250 and 375?
375
Calculate the greatest common factor of 147391372 and 122.
122
What is the highest common divisor of 1001410564 and 616?
308
What is the greatest common divisor of 85 and 14651586?
17
Calculate the greatest common factor of 10522132 and 12328.
92
What is the highest common divisor of 2085 and 645?
15
Calculate the greatest common factor of 1020 and 533260.
20
What is the highest common factor of 1620 and 2632?
4
Calculate the greatest common factor of 890267 and 15534659.
10003
Calculate the highest common divisor of 522132285 and 951.
951
Calculate the highest common divisor of 320 and 69370432.
64
What is the greatest common divisor of 492493 and 33459?
587
Calculate the highest common divisor of 5424 and 2130728.
904
What is the greatest common divisor of 15327 and 4797?
117
Calculate the highest common factor of 84896731 and 361.
361
What is the greatest common divisor of 781 and 9057044?
71
Calculate the highest common divisor of 556 and 29644530.
278
What is the highest common divisor of 7241 and 4641?
13
What is the highest common factor of 445993128 and 112?
56
What is the highest common factor of 68168 and 3328?
8
What is the greatest common factor of 4991661 and 228?
57
Calculate the highest common factor of 3519 and 40682853.
153
What is the greatest common factor of 5846 and 780994?
158
What is the greatest common factor of 1500716963 and 254?
127
Calculate the greatest common factor of 448 and 489601.
7
What is the highest common factor of 6872 and 19196?
4
What is the greatest common divisor of 48924 and 26164827?
1359
Calculate the highest common factor of 1317060 and 1355.
1355
Calculate the greatest common divisor of 83316510 and 7035.
1005
Calculate the greatest common factor of 5056 and 135948256.
2528
What is the highest common divisor of 13687 and 603?
1
What is the highest common factor of 53525329 and 2717?
143
Calculate the highest common factor of 4223260 and 2300.
460
What is the greatest common factor of 12066590 and 695?
695
Calculate the highest common divisor of 149654882 and 598.
598
What is the highest common factor of 73641252 and 11556?
1284
Calculate the highest common factor of 27475 and 36785.
35
What is the highest common factor of 2776 and 486357976?
2776
What is the greatest common factor of 2182779 and 216?
9
Calculate the highest common divisor of 598 and 6153466.
46
Calculate the highest common divisor of 162 and 3352626.
18
What is the highest common divisor of 339 and 4719558?
339
What is the highest common factor of 45072 and 25155184?
5008
What is the highest common divisor of 24987970 and 784310?
7330
What is the greatest common factor of 547519 and 3913?
301
What is the highest common factor of 16587552 and 288?
96
What is the highest common factor of 138 and 196120724?
46
What is the greatest common divisor of 20739 and 4814982?
93
What is the highest common divisor of 10080 and 31971744?
2016
What is the highest common divisor of 99256 and 608152?
152
Calculate the highest common divisor of 6277140 and 694020.
2580
Calculate the highest common divisor of 21770 and 18563279.
2177
Calculate the greatest common divisor of 1373120 and 105280.
2240
Calculate the highest common factor of 276 and 33088674.
138
Calculate the greatest common divisor of 1153099755 and 37395.
12465
What is the greatest common divisor of 34118612 and 484?
484
Calculate the highest common factor of 19 and 28160299.
19
What is the greatest common divisor of 8890376 and 8?
8
What is the greatest common factor of 95 and 117247090?
5
Calculate the greatest common divisor of 25027542 and 483.
69
Calculate the highest common factor of 18328 and 4689184.
232
Calculate the greatest common factor of 2289544 and 43840.
1096
Calculate the highest common divisor of 43581540 and 300.
60
Calculate the greatest common factor of 559522614 and 21.
21
What is the greatest common factor of 827697 and 75?
3
Calculate the highest common factor of 61187724 and 810.
162
What is the highest common divisor of 80 and 390625360?
80
What is the greatest common divisor of 5